r when 3057 is divided by 988?
93
What is the remainder when 18426739 is divided by 185?
184
Calculate the remainder when 14995000 is divided by 20457.
19
Calculate the remainder when 62111673 is divided by 3421.
3418
Calculate the remainder when 13385255 is divided by 81.
5
Calculate the remainder when 82824 is divided by 41205.
414
What is the remainder when 32527 is divided by 5137?
1705
Calculate the remainder when 474735 is divided by 157887.
1074
Calculate the remainder when 4605652 is divided by 7575.
52
Calculate the remainder when 638534 is divided by 33555.
989
Calculate the remainder when 38477560 is divided by 39.
4
Calculate the remainder when 2234088 is divided by 744590.
318
What is the remainder when 2629224 is divided by 890?
164
What is the remainder when 32011 is divided by 5086?
1495
Calculate the remainder when 1964538 is divided by 4527.
4347
What is the remainder when 495715 is divided by 9843?
3565
What is the remainder when 1157547 is divided by 7144?
219
Calculate the remainder when 75754 is divided by 503.
304
Calculate the remainder when 3438471 is divided by 147.
141
What is the remainder when 23105 is divided by 7462?
719
Calculate the remainder when 71323086 is divided by 121.
120
What is the remainder when 18831247 is divided by 1084?
1083
Calculate the remainder when 3991104 is divided by 283.
238
Calculate the remainder when 2584674 is divided by 20509.
540
What is the remainder when 56526 is divided by 27298?
1930
What is the remainder when 6694 is divided by 3249?
196
Calculate the remainder when 35196 is divided by 747.
87
Calculate the remainder when 105631 is divided by 494.
409
What is the remainder when 227651 is divided by 1021?
989
Calculate the remainder when 6589671 is divided by 606.
27
What is the remainder when 124797 is divided by 41447?
456
What is the remainder when 663822 is divided by 165945?
42
What is the remainder when 6529783 is divided by 4359?
1
Calculate the remainder when 2250955 is divided by 546.
343
What is the remainder when 1783195 is divided by 222895?
35
What is the remainder when 335987 is divided by 97?
76
What is the remainder when 92332711 is divided by 2399?
2398
Calculate the remainder when 37472293 is divided by 5845.
5843
Calculate the remainder when 1145648 is divided by 2068.
2044
What is the remainder when 158570 is divided by 1321?
50
Calculate the remainder when 101478 is divided by 382.
248
Calculate the remainder when 27056931 is divided by 755.
751
Calculate the remainder when 193474538 is divided by 617.
614
Calculate the remainder when 73773 is divided by 232.
229
Calculate the remainder when 524629 is divided by 603.
19
Calculate the remainder when 2456483 is divided by 4583.
4578
Calculate the remainder when 177010 is divided by 43932.
1282
What is the remainder when 650213 is divided by 9960?
2813
Calculate the remainder when 3369777 is divided by 7.
5
What is the remainder when 172097 is divided by 85636?
825
What is the remainder when 7316709 is divided by 1985?
1984
What is the remainder when 80019599 is divided by 25?
24
What is the remainder when 264244 is divided by 37675?
519
Calculate the remainder when 941669 is divided by 1019.
113
What is the remainder when 1473862 is divided by 8280?
22
Calculate the remainder when 15348945 is divided by 126.
3
What is the remainder when 88399176 is divided by 704?
8
What is the remainder when 8665402 is divided by 1247?
1246
What is the remainder when 62727 is divided by 1133?
412
Calculate the remainder when 4911642 is divided by 161.
15
What is the remainder when 12935572 is divided by 27?
7
What is the remainder when 1840069 is divided by 65716?
21
Calculate the remainder when 7719839 is divided by 240.
239
Calculate the remainder when 5426280 is divided by 1208.
1152
What is the remainder when 38313 is divided by 160?
73
Calculate the remainder when 359313 is divided by 359012.
301
Calculate the remainder when 12655337 is divided by 1162.
1157
What is the remainder when 69828 is divided by 9343?
4427
What is the remainder when 396123 is divided by 64?
27
Calculate the remainder when 220985486 is divided by 801.
800
Calculate the remainder when 50305 is divided by 24514.
1277
Calculate the remainder when 62290271 is divided by 976.
975
Calculate the remainder when 295530306 is divided by 1309.
1303
Calculate the remainder when 795503 is divided by 49713.
95
What is the remainder when 161474162 is divided by 31?
29
Calculate the remainder when 2233223 is divided by 211.
210
What is the remainder when 471550 is divided by 894?
412
Calculate the remainder when 81126830 is divided by 73886.
2
What is the remainder when 100304 is divided by 4357?
93
Calculate the remainder when 224338 is divided by 17253.
49
What is the remainder when 7888920 is divided by 780?
0
Calculate the remainder when 4295311 is divided by 571.
249
What is the remainder when 12697503 is divided by 1307?
1305
What is the remainder when 535355 is divided by 9680?
2955
What is the remainder when 62981634 is divided by 189134?
12
What is the remainder when 58899 is divided by 542?
363
What is the remainder when 24525 is divided by 3992?
573
What is the remainder when 405268 is divided by 4991?
997
What is the remainder when 3047925 is divided by 11589?
18
Calculate the remainder when 4802197 is divided by 52.
49
Calculate the remainder when 311851946 is divided by 407.
406
Calculate the remainder when 25822594 is divided by 109.
58
What is the remainder when 31186824 is divided by 13305?
13209
Calculate the remainder when 152891088 is divided by 13.
12
Calculate the remainder when 6824761 is divided by 2270.
1141
What is the remainder when 4015326 is divided by 401532?
6
Calculate the remainder when 514023 is divided by 26.
3
Calculate the remainder when 17809701 is divided by 2712.
2709
What is the remainder when 78284 is divided by 3659?
1445
What is the remainder when 11413279 is divided by 262?
35
What is the remainder when 18168127 is divided by 4290?
4267
Calculate the remainder when 17851280 is divided by 127.
33
What is the remainder when 58531100 is divided by 5?
0
Calculate the remainder when 89688 is divided by 198.
192
Calculate the remainder when 382350 is divided by 9325.
25
What is the remainder when 25985 is divided by 4934?
1315
What is the remainder when 2270997 is divided by 758?
29
Calculate the remainder when 3865325 is divided by 29733.
35
What is the remainder when 84493 is divided by 74?
59
Calculate the remainder when 11998255 is divided by 1254.
1237
What is the remainder when 2605891 is divided by 321?
13
What is the remainder when 4411337 is divided by 62?
37
What is the remainder when 3293363 is divided by 108?
11
What is the remainder when 272994 is divided by 27297?
24
Calculate the remainder when 251592 is divided by 1258.
1250
What is the remainder when 491467 is divided by 268?
223
What is the remainder when 1610046 is divided by 536624?
174
What is the remainder when 70936318 is divided by 20?
18
What is the remainder when 93307621 is divided by 4241255?
11
Calculate the remainder when 32591 is divided by 3900.
1391
What is the remainder when 3131556 is divided by 11771?
470
What is the remainder when 36167183 is divided by 1368?
1367
What is the remainder when 4571064 is divided by 243?
234
Calculate the remainder when 1407856713 is divided by 14.
11
Calculate the remainder when 4677648 is divided by 162.
60
Calculate the remainder when 290720236 is divided by 2631.
2629
Calculate the remainder when 196360 is divided by 8537.
9
What is the remainder when 53049590 is divided by 4080737?
9
Calculate the remainder when 1406097 is divided by 66954.
63
Calculate the remainder when 14773115 is divided by 820.
815
Calculate the remainder when 57129979 is divided by 1904332.
19
Calculate the remainder when 374007 is divided by 53424.
39
What is the remainder when 390850 is divided by 2260?
2130
What is the remainder when 28924868 is divided by 80?
68
What is the remainder when 551523 is divided by 137854?
107
Calculate the remainder when 1039559 is divided by 103909.
469
Calculate the remainder when 1734497 is divided by 599.
392
What is the remainder when 8099 is divided by 2463?
710
Calculate the remainder w